 15. Suppose -257 = -4*h - 3*l, c*h + 3*l + 2*l = 201. What is the units digit of h?
2
Let j(z) = 5*z - 4. Let q be j(2). Suppose -4*d - q*w + w + 12 = 0, -3 = -d + 2*w. Suppose 18 = d*f - 0*f. What is the units digit of f?
6
Let c(s) = -5*s - 35. Let m be c(-13). What is the hundreds digit of ((9520/m)/(-4))/((-1)/3)?
2
Let v = -226 + 200. What is the tens digit of (-4482)/(-8) + v/104?
6
Let w(l) = -9*l**3 - 48*l**2 + 11*l - 8. What is the hundreds digit of w(-13)?
5
Let d = -456 + 651. Suppose -3*b + d - 156 = 0. Suppose -b*g = -16*g + 327. What is the units digit of g?
9
Suppose 0 = -104*m + 2900175 + 2845201. What is the ten thousands digit of m?
5
What is the ten thousands digit of (-2 - (-13)/5) + 12 + (-938028)/(-70)?
1
Suppose 0 = -5*n - 5*r + 20495, -8622 = -3*n - 4*r + 3677. What is the thousands digit of n?
4
Let b(a) be the third derivative of a**4/24 + 11*a**3/3 + 54*a**2. What is the tens digit of b(10)?
3
Suppose -5*p - 2*a + 124256 = 0, 0*a - 3*a = -4*p + 99414. What is the thousands digit of p?
4
Let n(q) = -2840*q - 373. What is the units digit of n(-5)?
7
Suppose 21*w - 4266 - 1992 = 0. What is the tens digit of (w/6)/(22/198)?
4
Let r(w) = w**3 + 11*w**2 + 4*w + 5. Let f be r(-10). Let j = f + -11. Let k = j - 15. What is the units digit of k?
9
Let h = 37 - 34. Suppose -d = -v - 9 - 0, h*v + 5*d = -3. What is the tens digit of 474/(-4)*4/v?
7
What is the units digit of 64/(-48)*(-563262)/28?
2
Suppose 6*g - 17 - 13 = 0. Suppose 9*h = g + 31. Suppose -304 = -h*k + 144. What is the tens digit of k?
1
Let p be 6/(-1 - (-3594)/3576). Suppose p = 5*a + 37. What is the hundreds digit of a?
2
Let m = -2707 - -2702. Let c(w) = 3*w**3 + 7*w**2 + 2*w**2 - 2*w**3 - 3*w. What is the tens digit of c(m)?
1
Suppose 4*f - 551 = -t, 4*t + 2*f - f - 2129 = 0. Suppose 5*y - 2359 = t. What is the hundreds digit of y?
5
Let w(p) = -3214*p**2 - 2 + 3421*p**2 + 1. Let s(j) = -2*j - 3. Let u be s(-2). What is the units digit of w(u)?
6
What is the tens digit of (-1141 + -1)*5017/(-346)?
5
Let k(o) = 1118*o + 365. What is the thousands digit of k(7)?
8
Suppose -2*w = 5*g + 2800, -w = 4*w - 3*g + 7062. What is the units digit of ((-285)/(-475))/(-2*1/w)?
3
Let m(h) = 35*h**2 + 195. What is the thousands digit of m(13)?
6
Suppose 4*b - 6 = -s, 3*s + 4 = -2*b - s. Suppose 22*o = -2225 - 5211. What is the units digit of o*3/(-12) - b/(-4)?
5
What is the tens digit of -7 - -8 - (-24)/(-1 - 3) - -2756?
5
Suppose -3*d - 31440 = -51*z + 48*z, -4*d - 31434 = -3*z. What is the thousands digit of z?
0
What is the ten thousands digit of (2 + 28/(-5))/(138/(-702880))?
1
What is the tens digit of (10109/22)/(-4 + 605/150)?
8
Let o = 12397 + 4053. What is the thousands digit of o?
6
Suppose -3*n - 2*x = 9 - 187, 5*n - 275 = x. Suppose 5*q + 1 = o + 3, -2*q = -5*o - n. Let d = o - -92. What is the units digit of d?
0
Let i = 11262 - 2396. What is the tens digit of i?
6
Suppose -m + 0 + 3 = 0. Suppose g = -2*h + 11, 39 = 6*g - 32*h + 35*h. Suppose m*z - 656 = -g*z. What is the tens digit of z?
8
Suppose 87*w - 89*w = -6. What is the units digit of w/(-4)*4 + 268?
5
Let j be 1/(3/(-6))*-1. Suppose k + k = 5*p - 4, j*k - 16 = -5*p. Suppose -4*q = 2*l - 342, -p*l - 3*l = 5*q - 425. What is the units digit of q?
6
What is the units digit of (420/175)/(8/2980)?
4
Let d(n) = -n - 3. Suppose -23*o + 18 = -20*o. Suppose -51 = o*p - 3. What is the units digit of d(p)?
5
What is the hundreds digit of ((-9)/18 + -7)/((-3)/2966)?
4
Let l be 1 + ((-1)/(-2))/((-17)/(-20876)). Let s = -368 + l. What is the tens digit of s?
4
Let a be (((-9)/(-3))/(-3))/((-4)/(-5912)). Let z = -949 - a. What is the units digit of z?
9
Suppose 7*w - 29661 - 6060 = 0. What is the thousands digit of w?
5
Suppose -5*p = -35, 2*p = -123*r + 119*r + 6198. What is the thousands digit of r?
1
Let a(g) = -g**2 - 7*g - 1. Let b be a(-5). Let h(t) = -13*t + 19. Let v(c) = 13*c - 20. Let m(j) = -6*h(j) - 5*v(j). What is the hundreds digit of m(b)?
1
Let u(s) = 271*s**2 + 64*s + 31. What is the thousands digit of u(8)?
7
Suppose 3*b - 9056 = -f + 24647, 101158 = 3*f + 2*b. What is the units digit of f?
4
Let u be (-236)/(-2 + -2) + -4. Suppose 12*h - 816 = 4*h. Let g = h + u. What is the hundreds digit of g?
1
Suppose 41 + 49 = -18*v. What is the units digit of 2/v*(-19)/(95/9450)?
6
Let r(t) = -t**3 - 7*t**2 + 10*t + 36. Let j be r(-12). Suppose 0 = 2*f - 170 - 10. Suppose -f + j = 7*q. What is the units digit of q?
8
Let z(c) = -43 + 59 + 1101*c - 46. What is the thousands digit of z(1)?
1
Let x(c) = 5*c**2 + 2*c + 1. Let p be x(-1). Let a be 1109*p/(-44) - 4/22. Let y = a + 220. What is the hundreds digit of y?
1
Suppose 0 = 4*n - 0*u - 3*u + 10, 4*n = -u - 2. Let x(y) = -60*y**3 + y. Let o be x(n). Let f = o - 22. What is the tens digit of f?
3
Let u = 36367 - 11672. What is the thousands digit of u?
4
Let w = 12 - -31. Suppose 8*y = -27 + w. What is the units digit of 5/((-5)/y)*(-48 - 2)?
0
Suppose 5*v = c - 0*c - 2728, 2*c - 1634 = 3*v. Let r = -333 - v. Suppose 8*i - 299 = r. What is the tens digit of i?
6
Suppose 19*x - 20*x + 3 = 0. Suppose -187 = -x*p - 6*u + 2*u, p - 2*u = 59. Suppose h - b - 199 = -p, 4*h - 3*b - 550 = 0. What is the units digit of h?
6
Let q = -5478 + 9440. What is the tens digit of q?
6
Let j = -128 - -85. Let m be 3115/20 - 2/(-8). Let u = m + j. What is the units digit of u?
3
Let o be (-2)/7 + 4184/(-56). Let g = -62 - o. Let a = 35 + g. What is the units digit of a?
8
Let n(j) = j**2 + j + 1. Suppose -2*o - o - 6 = 0. Let a be n(o). Let i(z) = 3*z. What is the units digit of i(a)?
9
Suppose -i - 23*d + 18*d = -19026, 4*i + 2*d = 76086. What is the ten thousands digit of i?
1
Suppose -5*w - 2740 = -475. What is the tens digit of (19/19 - (w + 0)) + -3?
5
Let s = -267 + 265. Let q(o) = -235*o + 44. What is the tens digit of q(s)?
1
What is the hundreds digit of (-180102)/(-10) + 792/440?
0
Let g(t) = 8*t**2 - 22*t. Let d(v) = -9*v**2 + 23*v + 1. Let l(z) = 6*d(z) + 7*g(z). Let f be l(9). Suppose -f*j + 19*j = -710. What is the tens digit of j?
4
Let d be 280/45 - (-1 + 11/9). Let k(a) = -5*a + 3 + d*a + 45. What is the tens digit of k(-12)?
3
Suppose 3*s = 5*a - 47, 41 = -2*a + 5*a - 5*s. Let m(b) = 12*b**2 + 3*b - 31. What is the hundreds digit of m(a)?
5
Suppose 587 = 33*w + 59. Suppose 3*k = -k + w, 5*i = -5*k + 225. What is the tens digit of i?
4
What is the thousands digit of (-10)/((-1620)/9)*23745*(5 + 1)?
7
Let l = -41 - -611. Suppose l = 16*b - 13*b. What is the units digit of b?
0
Let q be 22/5 - (-6)/(-15). Let b = -1037 - -1066. Suppose -q*k + 131 + b = 3*x, 4*k = x + 160. What is the units digit of k?
0
Suppose m + 3*w - 17630 = 0, -19*w = -15*w + 24. What is the ten thousands digit of m?
1
Let u(j) = 28*j - 48. Let z be u(2). Suppose -z*r + 2200 = -184. What is the units digit of r?
8
Suppose 4*n - 11*r = -7*r + 1464, -4*n - r = -1474. What is the units digit of (n/(-115))/((-2)/210)?
6
Let w = 4725 + -4733. Suppose 0 = f + h + 99, -5*h - 276 = -5*f - 751. Let q = w - f. What is the tens digit of q?
8
Suppose 0 = -17*w + 224142 - 8837. What is the ten thousands digit of w?
1
Let s = -545 - -5399. What is the hundreds digit of s?
8
Let v(r) = -r**2 + 3. Let z be v(0). Suppose o + z*o - 58 = -a, -4*a = 8. Suppose 2*b - o = 21. What is the tens digit of b?
1
Suppose 4*y + 51749 = 4*d - 110975, -d = 3*y - 40709. What is the ten thousands digit of d?
4
Suppose 984960 = 267*x - 123*x. What is the units digit of x?
0
Let g(q) = 82*q + 99. Let s be g(7). Let o = s - 475. What is the units digit of o?
8
Suppose -3*l = 2*l - 9*l. Suppose 6*a - a = -10, 2*q - 4*a - 258 = l. Let h = q + -25. What is the tens digit of h?
0
Suppose -78 = -t + 4*t. Suppose 3*r + 3*a = 675, -96*r + 3*a + 209 = -95*r. Let g = r + t. What is the tens digit of g?
9
Suppose 4*w = 20, 7*x - 3*x = 4*w + 4. Suppose 2*r + 4*a = 2*a + 2892, -3*a = x. What is the tens digit of r?
4
Suppose 16678 = 5*b - 26637. What is the tens digit of b?
6
Suppose 0*u + 5*u - 975 = 0. Suppose 4*j = j + u. Suppose 11*a + j = 12*a. What is the tens digit of a?
6
What is the thousands digit of 2 - 0 - ((-7 - -14) + -5243)?
5
Suppose 3*d - 84 = -3*q + 207, 2*q - 209 = -5*d. Suppose 3*u + q - 1103 = 0. What is the tens